{"id":32,"date":"2017-01-25T23:44:13","date_gmt":"2017-01-25T21:44:13","guid":{"rendered":"https:\/\/schifflaendeniederuster.wordpress.com\/gruppe-eisvogel\/"},"modified":"2017-01-25T23:44:13","modified_gmt":"2017-01-25T21:44:13","slug":"gruppe-eisvogel","status":"publish","type":"page","link":"https:\/\/schifflaende-niederuster.ch\/?page_id=32","title":{"rendered":"Gruppe Eisvogel"},"content":{"rendered":"<p><img loading=\"lazy\" class=\" size-medium wp-image-87 aligncenter\" src=\"https:\/\/schifflaende-niederuster.ch\/wp-content\/uploads\/2017\/01\/img_1044.jpg?w=600\" alt=\"img_1044\" width=\"300\" height=\"200\" srcset=\"https:\/\/schifflaende-niederuster.ch\/wp-content\/uploads\/2017\/01\/img_1044.jpg 1656w, https:\/\/schifflaende-niederuster.ch\/wp-content\/uploads\/2017\/01\/img_1044-300x200.jpg 300w, https:\/\/schifflaende-niederuster.ch\/wp-content\/uploads\/2017\/01\/img_1044-1024x683.jpg 1024w, https:\/\/schifflaende-niederuster.ch\/wp-content\/uploads\/2017\/01\/img_1044-768x512.jpg 768w, https:\/\/schifflaende-niederuster.ch\/wp-content\/uploads\/2017\/01\/img_1044-1536x1024.jpg 1536w, https:\/\/schifflaende-niederuster.ch\/wp-content\/uploads\/2017\/01\/img_1044-192x128.jpg 192w\" sizes=\"(max-width: 300px) 100vw, 300px\" \/><\/p>\n<p>Die Gruppe Eisvogel ist ein Zusammenschluss von Ustermern, die sich um eine Gesamtl\u00f6sung an der Schiffl\u00e4nde einsetzen. Die Gruppe erhofft sich eine f\u00fcr Uster ad\u00e4quate Gestaltung des Ustermer Seeanstosses in naher Zukunft. Die Gruppe handelt parteipolitisch und wirtschaftlich unabh\u00e4ngig.<\/p>\n<p>Disclaimer: Die Publizierung aller Pl\u00e4ne, Fotos, Texte und Abbildungen darf nur unter vorheriger Genehmigung und unter Nennung der Quelle erfolgen. Antrag f\u00fcr Publizierung und Anforderung Pressematerial unter mail(at)kasparthalmann.ch<\/p>\n","protected":false},"excerpt":{"rendered":"<p>Die Gruppe Eisvogel ist ein Zusammenschluss von Ustermern, die sich um eine Gesamtl\u00f6sung an der Schiffl\u00e4nde einsetzen. Die Gruppe erhofft sich eine f\u00fcr Uster ad\u00e4quate Gestaltung des Ustermer Seeanstosses in naher Zukunft. Die Gruppe handelt parteipolitisch und wirtschaftlich unabh\u00e4ngig. Disclaimer: Die Publizierung aller Pl\u00e4ne, Fotos, Texte und Abbildungen darf nur unter vorheriger Genehmigung und unter &hellip; <a href=\"https:\/\/schifflaende-niederuster.ch\/?page_id=32\" class=\"more-link\"><span class=\"screen-reader-text\">Gruppe Eisvogel<\/span> weiterlesen<\/a><\/p>\n","protected":false},"author":2,"featured_media":80,"parent":0,"menu_order":0,"comment_status":"closed","ping_status":"closed","template":"","meta":[],"_links":{"self":[{"href":"https:\/\/schifflaende-niederuster.ch\/index.php?rest_route=\/wp\/v2\/pages\/32"}],"collection":[{"href":"https:\/\/schifflaende-niederuster.ch\/index.php?rest_route=\/wp\/v2\/pages"}],"about":[{"href":"https:\/\/schifflaende-niederuster.ch\/index.php?rest_route=\/wp\/v2\/types\/page"}],"author":[{"embeddable":true,"href":"https:\/\/schifflaende-niederuster.ch\/index.php?rest_route=\/wp\/v2\/users\/2"}],"replies":[{"embeddable":true,"href":"https:\/\/schifflaende-niederuster.ch\/index.php?rest_route=%2Fwp%2Fv2%2Fcomments&post=32"}],"version-history":[{"count":0,"href":"https:\/\/schifflaende-niederuster.ch\/index.php?rest_route=\/wp\/v2\/pages\/32\/revisions"}],"wp:featuredmedia":[{"embeddable":true,"href":"https:\/\/schifflaende-niederuster.ch\/index.php?rest_route=\/wp\/v2\/media\/80"}],"wp:attachment":[{"href":"https:\/\/schifflaende-niederuster.ch\/index.php?rest_route=%2Fwp%2Fv2%2Fmedia&parent=32"}],"curies":[{"name":"wp","href":"https:\/\/api.w.org\/{rel}","templated":true}]}}