{"id":20,"date":"2017-01-25T23:38:46","date_gmt":"2017-01-25T21:38:46","guid":{"rendered":"https:\/\/schifflaendeniederuster.wordpress.com\/?page_id=20"},"modified":"2017-01-25T23:38:46","modified_gmt":"2017-01-25T21:38:46","slug":"wassersport","status":"publish","type":"page","link":"https:\/\/schifflaende-niederuster.ch\/?page_id=20","title":{"rendered":"Wassersport"},"content":{"rendered":"<h3>Wassersportzentrum \u2013 angemessene Infrastrukturbauten und Bootspl\u00e4tze f\u00fcr Vereine<\/h3>\n<p>Die Infrastrukturbauten f\u00fcr die verschiedenen Clubs (Ruderer, Segler, Surfer, Fischer und Taucher) sind veraltet, die Lagerfl\u00e4chen sind zu klein und weisen grosse funktionale M\u00e4ngel auf. So m\u00fcssen beispielsweise die Ruderboote mittels einem Seilzug in den Dachraum des Bootshauses gehievt werden. Auch die Standpl\u00e4tze der Segelboote sind nicht gel\u00f6st.<\/p>\n<p>Die \u00abVision Schiffl\u00e4nde\u00bb sieht vor, die Standpl\u00e4tze in der zweiten Reihe, direkt hinter den neuen Vereinsr\u00e4umlichkeiten der Clubs unterzubringen.<\/p>\n<p>Durch die Ausrichtung der Bauten und Anlagen quer zum Ufer entstehen nebst nutzbaren \u00f6ffentlichen Fl\u00e4chen direkt am See Durchblicke vom Uferweg zum See und damit auch eine Vernetzung der Landschaft. Die Ein- und Ausstiegssituation f\u00fcr die Wassersportler als gesch\u00fctzter Bereich wird beibehalten und erweitert.<\/p>\n","protected":false},"excerpt":{"rendered":"<p>Wassersportzentrum \u2013 angemessene Infrastrukturbauten und Bootspl\u00e4tze f\u00fcr Vereine Die Infrastrukturbauten f\u00fcr die verschiedenen Clubs (Ruderer, Segler, Surfer, Fischer und Taucher) sind veraltet, die Lagerfl\u00e4chen sind zu klein und weisen grosse funktionale M\u00e4ngel auf. So m\u00fcssen beispielsweise die Ruderboote mittels einem Seilzug in den Dachraum des Bootshauses gehievt werden. Auch die Standpl\u00e4tze der Segelboote sind nicht &hellip; <a href=\"https:\/\/schifflaende-niederuster.ch\/?page_id=20\" class=\"more-link\"><span class=\"screen-reader-text\">Wassersport<\/span> weiterlesen<\/a><\/p>\n","protected":false},"author":2,"featured_media":56,"parent":0,"menu_order":0,"comment_status":"closed","ping_status":"closed","template":"","meta":[],"_links":{"self":[{"href":"https:\/\/schifflaende-niederuster.ch\/index.php?rest_route=\/wp\/v2\/pages\/20"}],"collection":[{"href":"https:\/\/schifflaende-niederuster.ch\/index.php?rest_route=\/wp\/v2\/pages"}],"about":[{"href":"https:\/\/schifflaende-niederuster.ch\/index.php?rest_route=\/wp\/v2\/types\/page"}],"author":[{"embeddable":true,"href":"https:\/\/schifflaende-niederuster.ch\/index.php?rest_route=\/wp\/v2\/users\/2"}],"replies":[{"embeddable":true,"href":"https:\/\/schifflaende-niederuster.ch\/index.php?rest_route=%2Fwp%2Fv2%2Fcomments&post=20"}],"version-history":[{"count":0,"href":"https:\/\/schifflaende-niederuster.ch\/index.php?rest_route=\/wp\/v2\/pages\/20\/revisions"}],"wp:featuredmedia":[{"embeddable":true,"href":"https:\/\/schifflaende-niederuster.ch\/index.php?rest_route=\/wp\/v2\/media\/56"}],"wp:attachment":[{"href":"https:\/\/schifflaende-niederuster.ch\/index.php?rest_route=%2Fwp%2Fv2%2Fmedia&parent=20"}],"curies":[{"name":"wp","href":"https:\/\/api.w.org\/{rel}","templated":true}]}}